lse
Let c = 1 - -2. Suppose c*l = -0*l. Suppose l = -y + 4*y - 45. Is y a prime number?
False
Let k = 3 + -5. Let y be k/1 - 1 - 1. Is 88 + y/2 + -1 composite?
True
Let u(t) = 143*t**2 - 3*t + 1. Is u(1) a composite number?
True
Let v(s) = -3*s + 10. Let z(f) = -6*f + 20. Let r = 6 - 1. Let b(w) = r*v(w) - 3*z(w). Is b(7) composite?
False
Suppose s = 6*s. Let w be 4*(-1)/(-4) + 1. Is 44/w - (s - -3) a composite number?
False
Is 45774/24 + (-2)/8 prime?
True
Suppose 0*i + 483 = 3*i. Is i prime?
False
Suppose 2018 = 3*i - 2*i + 5*b, i - 5*b - 2048 = 0. Is i a composite number?
True
Suppose -5*v - 24 = 2*g - 1085, 3*v = 2*g + 627. Is v a composite number?
False
Let s be 0*3*(-1)/(-3). Suppose s = -4*h + 5*t + 59, 2*t = 2*h - 0*t - 32. Suppose -3*n = -4*n + h. Is n a composite number?
True
Let y = -4978 + 15663. Is y a prime number?
False
Let n(l) = -l**2 - 1. Let d(z) = 6*z**2 + z - 53. Let g(q) = -d(q) - 5*n(q). Is g(0) a prime number?
False
Let b(u) = u**2 + u + 354. Let k be b(0). Suppose -8*p + 13 = -19. Is ((-2)/(-3))/(p/k) prime?
True
Suppose 13 - 38 = -5*x, 2*g - 35 = -5*x. Suppose 3*s + 48 = 3*o, g*s + 2*o + 84 = 5*o. Let d = -4 - s. Is d prime?
False
Let p = -105 - -268. Is p a prime number?
True
Let z be (-1)/(-2) - (-3)/(-6). Let y be z*(2/(-4) - 0). Suppose 2*p + 2*g - 226 = y, -4*p + 64 = -4*g - 404. Is p composite?
True
Suppose -759 = -2*l - c, 3*c - 6*c = -3. Is l a prime number?
True
Let f = -7 - -7. Suppose 2*i + 2*m - 18 = f, 2*i - 30 = m + 3*m. Is i composite?
False
Let b = 82 - 25. Suppose 4*l = b + 47. Is l composite?
True
Let t be 51*6*1/(-2). Let g(i) = i**3 + 14*i**2 + i + 4. Let m be g(-12). Let k = m + t. Is k prime?
True
Let c = 794 + -277. Is c a composite number?
True
Suppose 2*f - 5*y + 78 = -0*y, y - 62 = 2*f. Let i = f - -55. Is i composite?
True
Suppose 0 = 2*b + 4 - 14, -1075 = -5*k - 4*b. Is k a prime number?
True
Suppose 2*x - 5*c - 1082 = 0, -541 = x - 2*x + 5*c. Is x a composite number?
False
Suppose -4*t - 368 = -3*u - u, u - 74 = -5*t. Let f(o) = 22*o**2 - 3*o - 3. Let m be f(-2). Suppose -5*n + m = -3*q - u, -5*n - q = -200. Is n prime?
False
Let u be 1 - -6 - (10 + -8). Suppose 4*k = -l + 896, -u*k + 1059 = l - 60. Is k composite?
False
Let p = 2450 - 1191. Is p a composite number?
False
Suppose -r - 3*m + 2681 = 0, -2*r + 4826 = -2*m - 536. Is r a composite number?
True
Let w = -1 - 5. Let g be (-16)/w - (-6)/(-9). Is 5*(2*11)/g a composite number?
True
Suppose 6*n - 6334 = 7412. Is n prime?
False
Is (-252)/(-4) - -1 - -1 a composite number?
True
Let m(q) be the second derivative of -3*q**3/2 + 5*q**2/2 + 3*q. Let u be m(4). Let r = u + 66. Is r a composite number?
True
Suppose -70 = 5*z + a, -2*a = a - 15. Let d be ((-4)/(-5))/((-6)/z). Suppose 4*h - d*o - 252 = 0, -3*h = -h + 5*o - 114. Is h a prime number?
False
Let i(m) = m**3 + 7*m**2 + 7*m + 8. Let v be i(-6). Suppose -68 = -c + 80. Suppose -2*s - v*s = -c. Is s a prime number?
True
Let i(y) = 3*y**2 - y. Let l be i(-1). Suppose 5*k - 10 = -4*j, k - 6 + l = -2*j. Suppose 78 - 236 = -k*u. Is u composite?
False
Suppose 2061 + 7129 = 2*a. Is a a composite number?
True
Let k(u) = 35*u**2 - u - 1. Let p be k(-1). Is 2*(p/2 + 1) prime?
True
Let x(g) = 19*g - 4 - 2 + 17. Let z be ((-16)/6)/((-2)/6). Is x(z) composite?
False
Let o = 4391 + -2490. Is o prime?
True
Suppose 6 = -j + 3*j. Suppose 2*u = 2*g + 174, -g = -j*g + u - 177. Is -1*g/1 + 1 a prime number?
False
Let p(w) = -80 - 2*w**2 + 3*w**2 - 134. Let c be p(0). Let s = 303 + c. Is s composite?
False
Suppose -3 = -3*b + 3. Let k = 33 - b. Is k a prime number?
True
Let j(w) = 7*w - 1. Let g be j(6). Let l = g - 26. Is 46/(0 + 6/l) a prime number?
False
Let b = -130 - -53. Let v = b - -172. Is v a composite number?
True
Suppose 0 = 3*y - 4 - 11. Suppose y*h + 5*u - 20 = 0, u + 3*u + 12 = 0. Suppose h = q - 7. Is q prime?
False
Is (-51072)/(-14) + 6/(-2) + 2 a composite number?
True
Let p(r) = 3*r**3 - 3*r**2 - r - 2. Is p(5) a prime number?
True
Let j be 1/1 + -4 + 5. Suppose 2*u - 4*f - 242 = 0, 5*u = -j*f - 83 + 676. Is u a prime number?
False
Let k = -6 - -11. Let f = 99 - 63. Suppose k*d = d + f. Is d composite?
True
Let m = -8 + 13. Is 101/4 + m/(-20) composite?
True
Suppose -4*q - 2*l = -q + 98, -3*l = 5*q + 164. Let b = q - -83. Is b prime?
False
Let a(k) = -k**2 + 5*k + 5. Let m be a(5). Let q(j) = -j**2 + 7*j. Let u be q(m). Is (-654)/(-10) - 4/u a prime number?
False
Let r(j) = j**3 - 6*j**2 + j - 3. Let p be r(6). Let z(f) = -5*f**3 + 6*f**p + 80 - f**2 + 9. Is z(0) a prime number?
True
Let h = -167 - -116. Let x = h + 85. Is x a prime number?
False
Let i(r) = -r**2 - 4*r + 3. Let q be i(-5). Let x be 0*1/q + 67. Let a = x + -46. Is a prime?
False
Let o be (-6)/9 - (-173)/3. Suppose 4*t = -4, -2 = -2*x - 4*t - 0. Is (o/9)/(1/x) composite?
False
Suppose -194 = -2*o + 308. Is o a composite number?
False
Let a = -2 - 10. Let l = a + 5. Is -1 + (1 - 2)*l a prime number?
False
Suppose -4*a + 5*b + 153 = -2*a, a - 2*b = 77. Is a composite?
False
Suppose 0 = 2*x - 3*x + 4. Suppose u = -x*u + 905. Is u prime?
True
Suppose -p - 3*p = -4*r + 2352, 4*p = r - 603. Is r prime?
False
Let v = -1 - -4. Suppose -m + 2*m - 79 = -p, v*p = m + 253. Is p prime?
True
Let d(c) = c - 2. Let y be d(3). Is 3 - (y + -4 - 143) composite?
False
Let j = 2206 + -3. Is j a composite number?
False
Suppose -291 = 5*r + 49. Let f = 130 + r. Is f a prime number?
False
Let k(u) = -u**3 - 4*u**2 - 3*u - 3. Let m be k(-3). Let y be 6*13*m/(-6). Suppose -4*s + y + 45 = 0. Is s prime?
False
Let k be (-2)/(316/106 - 3). Suppose k + 105 = d. Is d prime?
True
Suppose -2*f - 3*q = f - 189, 0 = -5*f - 3*q + 323. Is f a composite number?
False
Let s(j) = -j**3 + 9*j**2 + 13*j + 5. Let v(a) be the second derivative of a**5/20 - 3*a**4/4 + 4*a**3/3 + 5*a**2 + a. Let t be v(8). Is s(t) a prime number?
False
Suppose 0*l - l = -2. Suppose -l*w = 2*w - 56. Is w prime?
False
Let u = 341 - 139. Is u a composite number?
True
Let d(f) = 33*f - 4. Is d(5) composite?
True
Suppose -181*p = -182*p + 97. Is p prime?
True
Let n = 20 - 15. Suppose 0*o + 5*l = -2*o + 491, 4*o = n*l + 1027. Is o prime?
False
Suppose -142 + 38 = -4*q. Suppose 5*m + q = -29. Let f = m + 22. Is f composite?
False
Suppose -4*w + 110 = 562. Let j = 290 + w. Is j prime?
False
Suppose 614 = 2*k + 4*d, -k + 0*k + 307 = 4*d. Is k composite?
False
Suppose -2*a = -5*n + 16, -a - 4 = -5*n + 14. Let j = 4 + n. Is (0 - -1)/(j/712) prime?
True
Let c(m) = 4*m + 3. Let p(v) = -v**3 - 7*v**2 + 8*v - 2. Let g be p(-8). Let o be c(g). Let j = 24 + o. Is j composite?
False
Let u = -1048 - -488. Let h = -369 - u. Is h a prime number?
True
Let k(c) = -37*c + 1. Let v be k(-1). Suppose 5*u - 4*r + 16 - v = 0, 0 = 2*r + 6. Is u/7 - (-486)/14 a prime number?
False
Let y(r) be the first derivative of 11*r**3/3 + r**2 - 13*r + 5. Is y(-6) composite?
True
Suppose -1 = o, 0*n - n + 3*o = -524. Is n composite?
False
Suppose -2*z = 5*u - 499, 4*u - 1028 = 4*z - 8*z. Suppose -4*q + 94 = -z. Is q composite?
False
Let a = -204 - -593. Is a a composite number?
False
Let t(r) = -3*r + 8. Let h be t(-7). Let m = 17 - h. Is (m/8)/((-3)/124) a composite number?
True
Let p(n) = 36*n - 5. Is p(6) a composite number?
False
Let r(h) = 0*h - 2*h - 6*h**2 - 5*h + 5*h + 4 - h**3. Is r(-7) prime?
True
Let j be -4*(4/(-8) - -2). Is j/(-2) + (69 - -7) a composite number?
False
Let n be (4/(-12))/(1/9). Is 9/(18/440) + n a prime number?
False
Let y = -11 + 59. Let d be (-4)/14 - y/(-21). Is (61/4 - d)*4 a composite number?
False
Suppose -314 = -0*y - 2*y. Is y composite?
False
Suppose 0*j - f = -j + 59, 2*j = 5*f + 130. Is j a composite number?
True
Let v = 643 - 432. Let h = -21 - -26. Suppose -h*n + v = -74. Is n a prime number?
False
Let w(r) = -150*r**3 - r**2 - r - 1. Is w(-1) a composite number?
False
Let k be ((-2)/4)/(1/(-2)). Suppose -y + 4 = k. Suppose 12 = -y*n, -2*b + n = -5*b + 23. Is b a composite number?
True
Suppose -2*c + 5224 = 1902. Is c composite?
True
Let f be (-3 + 322)/1 - 3. Suppose -5*p = -p - f. Is p a composite number?
False
Let o = -82 + 389. Is o prime?
True
Suppose 4*v = 3*n + 6, 3*v + 10 = n - 6*n. Suppose -2*m - m - 186 = v. Let o = m - -131. Is o composite?
True
Suppose -7*p = -3*p + 